) = 4*n + 2. Let h(g) = 3*w(g) + 5*x(g). Let q = -10 - -5. Give h(q).
3
Let s be (-12 - 0) + 4 + -5. Let u = s + 22. Suppose h = 4*h - u. Let w(v) = v + 1. Calculate w(h).
4
Let v be ((-4)/(-7))/((-30)/105). Let j(w) = 2*w. Give j(v).
-4
Let x be (-1 + (1 - -2))*2. Suppose 0 = -4*p - n + 22, p + n + 13 = x*p. Let f(u) = -u**2 - 1. Let c(v) = -5*v**2 + 5*v. Let h(y) = c(y) - 4*f(y). What is h(p)?
4
Suppose -4*x - 1 = -3*f, 0 = f + 2 - 5. Let v(a) = -3*a + 2. Let t(c) = c - 1. Let r(m) = -2*t(m) - v(m). Determine r(x).
2
Let k(m) = -4*m**2 + 10*m**2 + 3 - 8*m**2. Let b be k(-2). Let x(a) be the second derivative of a**5/20 + a**4/2 + 5*a**3/6 + 3*a**2/2 + a. Determine x(b).
3
Let u(b) be the first derivative of 2*b**2 + 5*b + 2. Let q(f) = 3*f + 6. Let l(i) = -5*q(i) + 6*u(i). Give l(-1).
-9
Let x(g) be the third derivative of g**6/360 - g**5/60 - g**4/4 - g**3/3 - 2*g**2. Let w(p) be the first derivative of x(p). What is w(5)?
9
Let h(d) = -18*d**2 - d - 1. Suppose -4*g - g = 5, 5*k - 4*g + 1 = 0. Calculate h(k).
-18
Let k(l) = -l**2 - 2*l - 4. Let v(r) = -r**2 - 3*r - 5. Let w(g) = -3*k(g) + 2*v(g). Calculate w(0).
2
Let g = -13 + 16. Suppose v = -g*k, 2*v = 2*k - 5*k. Let n(a) = -a + 4. Calculate n(k).
4
Let y(s) = 3*s**2 - 1. Let q be y(1). Let u be 1/(q + (-5)/3). Let t(w) = -1 - 5 + u*w + 4. Determine t(4).
10
Let z(p) be the third derivative of -p**5/60 - p**4/4 - 7*p**3/6 - 5*p**2. Let v = -6 + 4. Let y = -7 - v. What is z(y)?
-2
Let g(a) = 5*a - a**2 - 3 + 3*a - 1 - 2. What is g(6)?
6
Let b(r) = -r**2 + 3*r - 3. Let g = 32 - 20. Let v = -10 + g. What is b(v)?
-1
Let u(o) = o + 7. Let c be 3 + (9/3 - 1). Let t(g) = -g**2 + 4*g + 5. Let q be t(c). Determine u(q).
7
Let l(c) be the first derivative of -2*c**2 + 4*c + 11. Calculate l(3).
-8
Let k(x) = x**2 + 2*x. Suppose -3*i = c - 2, -2*c = -5*i - c + 14. What is k(i)?
8
Suppose -5*a = -3*a + 14. Let y = 27 + -39. Let f = a - y. Let v(q) = -q**3 + 6*q**2 - 5*q - 7. What is v(f)?
-7
Let b = 3 - 0. Let d(a) = 0*a**2 - b*a + 4*a + 6 + a**2. Suppose -2*x = -6*x. Calculate d(x).
6
Let r(y) be the second derivative of 2*y - 2/3*y**3 + 0 + 0*y**2. Determine r(1).
-4
Let i(z) = -z**3 + 4*z**2 + 7*z. Let d(o) = o**2 - 11*o + 2. Let v be d(11). Let b be v/((16/10)/4). Give i(b).
10
Let q(l) = l - 9. Let f be q(6). Let g be 3/5 + 14/10. Let m(n) = -2*n**2 - 2*n**2 - 4*n + 3*n**g + n. Determine m(f).
0
Let p = -2 - -5. Let c(g) = 13*g - 18*g + 1 + 3*g**2 - 2*g**2. Give c(p).
-5
Suppose 15 = -5*o, 5*i + 5*o = o - 27. Let d be 1/((-5 - -2)/i). Let k(f) = 2*f**3 + f**2 - f + 1. Give k(d).
3
Let f(q) = q**3 + 5*q**2 + q + 4. Suppose 0 = 3*h + 2*h - 35. Suppose 3*j = 5*u + 40 - 3, -u = 3*j - h. Calculate f(u).
-1
Let f(t) = -3*t**2 + 3*t - 3. Let w(j) = -3*j**2 - 49*j - 14. Let l be w(-16). Determine f(l).
-9
Let v(u) = u**2 - 1. Suppose -3*h - 26 = 4*w - 2*h, 0 = -h - 2. Let r(m) = -m**2 - 7*m - 7. Let l be r(-5). Let d = w + l. Calculate v(d).
8
Let r = 113 + -110. Let b(w) = w**2 + w. What is b(r)?
12
Let t(p) = -p**2 - 4*p + 1. Let a = 16 + -21. Calculate t(a).
-4
Let c(o) = -o**3 - o**2 - o + 1. Let m be c(-2). Suppose -q + 2*z = -m, q + 2*q - 3*z = 9. Let t(d) = 5*d. Give t(q).
-5
Let m = 0 - 1. Let z(w) = 11*w**2 + w. What is z(m)?
10
Let z(v) = v**2 + 1. Let f(c) = -6*c**2 - 7*c - 10. Let j(s) = -f(s) - 4*z(s). Determine j(-4).
10
Suppose -4*c + 7 = -v + 19, 0 = 4*v + c - 48. Suppose -3*f - v = 3. Let l(n) = n**3 + 4*n**2 - 6*n - 7. Calculate l(f).
-2
Let u(l) = 21*l**2 - 2*l. Let z(h) = 10*h**2 - h. Let q(g) = -3*u(g) + 5*z(g). Give q(1).
-12
Let c = 23 - 17. Let j(k) = -k + 6. Let y be j(c). Let i(x) = -x**3 + x**2 - x - 2. What is i(y)?
-2
Let i(z) = z**3 + 8*z**2 + 9*z. Let f be (-1 - (-2 + 3 + -3)) + -8. Determine i(f).
-14
Let m(z) = 2*z**2 - 4*z + 5. Let g be m(2). Let c(l) = l**2 - 3*l - 6. Calculate c(g).
4
Let y(p) = -p**3 - 5*p**2 - 5*p - 2. Let b be y(-3). Let z(n) = -n**2 - n + 5. Determine z(b).
-15
Suppose 0 = -0*h + 2*h + 6. Let c(x) be the first derivative of x**4/4 + 4*x**3/3 + 2*x**2 + 3*x + 7. Determine c(h).
0
Let g(y) = 2*y**2 + 3*y + 3*y + y + 4. Suppose 0 = -3*f + 2*k + 20, -f - 7*k + 4*k - 8 = 0. Suppose -f*j + 4 = -4*l, 4*j - 2 = 2*l - 8. What is g(j)?
8
Suppose 0 = 5*r + 48 + 12. Let h = -7 - r. Let t(p) = 0*p + p - 4 - 5. Give t(h).
-4
Let y(i) = -4*i. Let c(u) = u. Let n(k) = -4*c(k) + y(k). Calculate n(1).
-8
Let c be -1*1*(-1 - -1). Let x(f) = -f**3 - 2*f**2 + f + 1. Let o(r) = r**3 + 4*r**2 - 3*r + 2. Let t(b) = -o(b) - 2*x(b). Determine t(c).
-4
Suppose -5*v = -v - 20. Let u(g) = -g**2 + 7*g + 7. Determine u(v).
17
Let v(c) = c + 6. Let a be v(-3). Let t(d) = -d**2 + 3*d - 2. Determine t(a).
-2
Let b(k) be the first derivative of -k**2/2 + k - 8. Determine b(2).
-1
Let i(z) = z + 16. Suppose 3*s - 1 = -l - 7, 5*s + 10 = -3*l. Determine i(l).
16
Let z(x) be the third derivative of x**5/20 - x**3/6 - x**2. Let u be (6 + -7 + 0)/(1*-1). Give z(u).
2
Let s(f) be the third derivative of f**4/8 - f**3/6 - 8*f**2. Suppose -6*t + t = 5*c - 5, 4*t - 34 = 2*c. Let a(q) = q - 5. Let h be a(t). Calculate s(h).
2
Let x(c) = -3*c**3 + 6*c**2 - 7*c + 6. Let r(k) = 7*k**3 - 12*k**2 + 14*k - 13. Let w(o) = 2*r(o) + 5*x(o). Determine w(4).
8
Let m(f) be the first derivative of -f**3/3 - 3*f**2 + 8*f - 10. Determine m(-7).
1
Suppose -6*g + 4 = -2*g, -2*b - 5*g + 11 = 0. Suppose 2 = -b*h + 14. Let o(j) be the first derivative of -j**4/4 + 4*j**3/3 - j**2/2 + 3*j + 3. Determine o(h).
-1
Let c = 4 + -1. Let g(l) = c + 0*l - l**2 + 7*l - 2*l + 0*l. Let a(b) = -2*b - 3. Let j be a(-3). What is g(j)?
9
Suppose 5*m - 9 = u + 11, -3*u - m = 12. Let t(x) = 2*x + 3. Let k(v) = -6*v - 9. Let n(d) = -2*k(d) - 7*t(d). Give n(u).
7
Let z(r) = 12*r**2 - 13*r. Let y(d) = 3*d**2 - 3*d. Let x(t) = 26*y(t) - 6*z(t). Let b be (-10)/40 - 1/((-12)/(-9)). Give x(b).
6
Let u(n) be the second derivative of -2*n**3/3 + n**2/2 - 4*n. Let j = 3 - 3. Suppose j*t + 4 = -2*t. Determine u(t).
9
Let r(d) = -4*d - 1. Let n(z) = -z + 1. Let k(l) = -5*n(l) + r(l). Calculate k(5).
-1
Let k(o) = o**2 + 7*o + 6. Let l(s) = s - 4. Let q(f) = 2*f - 9. Let m(i) = 9*l(i) - 4*q(i). Let c be 2/3 + (-136)/24. Let t be m(c). Determine k(t).
-4
Let g(w) = -2*w**3 - 3*w**2 + w + 2. Let j be g(-2). Let r be j + (-1 - (-2)/2). Let n be (-6)/r - (-2)/4. Let c(p) = -7*p**2 + 1. Give c(n).
-6
Let c be (-3 + 9 - -2) + -1. Let o(v) = c*v**2 - 16*v**2 - v - v**3 + 5*v**2. Calculate o(-3).
-6
Suppose 0 = j + j + 10. Let p be 6/j*10/(-3). Suppose -p*i - 12 + 4 = 0. Let d(r) = 2*r + 3. What is d(i)?
-1
Let y = -37 - -65. Let c be 8/y + (-30)/7. Let q(l) = -l**2 - 2*l - 3. Calculate q(c).
-11
Let b(x) be the second derivative of 5*x**3/6 + x**2/2 - 28*x. Calculate b(-1).
-4
Let h(v) = v + 1. Let a(i) = -4*i + 5. Let w(s) = -a(s) - 3*h(s). Let n be 4 + -2 - (3 + -1). Calculate w(n).
-8
Let l = -79 + 75. Let v(t) = t**2 + 4*t + 1. Calculate v(l).
1
Let f(o) = -o**3 - 7*o**2 - 6*o + 3. Suppose 4*x + 0 = 8. Let y be (3/x)/((-4)/16). What is f(y)?
3
Suppose -15 = 5*a - 135. Let p be 1 + a + 1 + -1. Suppose 4*j + p = -j. Let q(n) = -n**2 - 4*n - 1. What is q(j)?
-6
Let l be (-2)/1 + (-5 - -1). Let z(y) = y**3 + 6*y**2 - 3*y - 7. Give z(l).
11
Let v = 16 - 28. Let o be 2/12 - 10/v. Let q(c) = 2*c**2 + c. Determine q(o).
3
Let h(q) = -q**2 + 8*q - 8. Let x be (3 + 2 + 1)/1. Give h(x).
4
Let z(a) = -3*a + 9*a - 2*a**2 - a**2 + 2*a**2 - 7. Let f = 19 + -14. What is z(f)?
-2
Let n be ((-9)/(-5) - 1) + 76/(-120). Let m(f) be the third derivative of 0*f + 0 - n*f**4 - 4*f**2 + 1/6*f**3. Calculate m(-1).
5
Let s(q) = -q**3 + 9*q**2 - 7*q - 6. Let x be s(8). Suppose 4*g = -12, 7*g = x*c + 3*g. Let m(d) = -d**2 - 7*d - 1. Give m(c).
5
Let g(c) = c**3 + 3*c**2 - 2*c - 2. Let a(z) = -4*z + 3*z + 6 - 1. Let p be a(5). Suppose 0*i + 2*i = -2, p = -2*f - i - 7. Calculate g(f).
4
Let d(z) = -2*z + 4. Let x(o) = o**2 + 2*o + 3. Let q be x(-2). Let h(t) = 2*t**2 - 4*t - 1. Let k be h(q). Give d(k).
-6
Let f(h) = 9*h + 1. Let c be (-12)/14 - (-3)/(-21). Give f(c).
-8
Let h(r) = -r**3 + r**2 + r - 3. Let a be h(0). Let z(l) = 4*l**2 - 9*l + 5. Let j(x) = -3*x - 7 + x**2 + 5 + 4. Let u(q) = -7*j(q) + 2*z(q). Give u(a).
-4
Let n(m) = 3*m**3 + m**2. Suppose 4*l - 6*l 